{"id":10,"date":"2022-03-23T20:26:22","date_gmt":"2022-03-23T20:26:22","guid":{"rendered":"https:\/\/hundehilfe-rheinland.de\/?page_id=10"},"modified":"2022-07-12T19:31:13","modified_gmt":"2022-07-12T18:31:13","slug":"ueber-uns","status":"publish","type":"page","link":"https:\/\/hundehilfe-rheinland.de\/?page_id=10","title":{"rendered":"\u00dcber uns"},"content":{"rendered":"\n<p>Sch\u00f6n, dass Du Dich f\u00fcr uns interessierst. Wir m\u00f6chte uns &#8211; <strong><em>\u201eHundehilfe Rheinland e.V.\u201c Tierschutz f\u00fcr vergessene Pfoten Buz\u0103u<\/em><\/strong> &#8211; gerne vorstellen:<\/p>\n\n\n\n<p>Buz\u0103u ist eine Stadt in Rum\u00e4nien, ca. 70 km n\u00f6rdlich von Bukarest und dort hat 2013 alles begonnen&#8230; Nach dem Tod eines kleinen Jungen, angeblich auf Grund eines t\u00f6dlichen Bisses durch einen Stra\u00dfenhund, wurde ein neues Gesetz erlassen, dass alle Stra\u00dfenhunde im ganzen Land verbannen sollte.  Sehr viele Hunde wurden eingefangen und in \u00f6ffentliche Tierheime (Public Shelter) gebracht. Dort k\u00f6nnen sie in den ersten 14 Tagen adoptiert werden, danach wartet leider nur noch der Tod auf sie.  <\/p>\n\n\n\n<p>Das Wald-Tierheim in Buz\u0103u schloss in der Vergangenheit seine Tore bei Wintereinbruch, da es dann nicht oder nur schlecht erreichbar war. Die Hunde in den Zwingern blieben sich selbst \u00fcberlassen &#8211; sie verhungerten, verdursteten, erfroren oder bissen sich gar gegenseitig tot. <\/p>\n\n\n\n<p>Das sollte sich mit dem Jahr 2013 nicht wiederholen. Einige Facebook-Gemeinschaften schlossen sich zusammen, und zusammen mit dem BMT (<a rel=\"noreferrer noopener\" href=\"https:\/\/bmt-tierschutz.bmtev.de\/\" target=\"_blank\">Bund gegen den Missbrauch der Tiere<\/a>) wurden ca. 230 Hunde innerhalb weniger Monate aus dem Wald-Tierheim und dem Publik-Shelter in Buzau befreit. <\/p>\n\n\n\n<p><\/p>\n\n\n\n<p>Seit dem retten wir t\u00e4glich Hunde vor der T\u00f6tung, bringen sie \u00fcbergangsweise in privaten rum\u00e4nischen Tierheimen unter und versuchen sie nach Deutschland zu vermitteln. Dabei werden wir von Freiwilligen, Spendern, sowie privaten Pflegestellen in Deutschland unterst\u00fctzt. <\/p>\n\n\n\n<p><\/p>\n\n\n\n<p>Wir wollen m\u00f6glichst viele Hunde in Sicherheit bringen vor den Hundef\u00e4ngern, die nach wie vor auf Rum\u00e4niens Stra\u00dfen Jagd auf die wehrlosen Vierbeiner machen. Sie erhalten zun\u00e4chst Futter und medizinische Versorgung und brauchen keine Angst mehr vor Schl\u00e4gen, Tritten oder sonstigen Misshandlungen zu haben. Sie werden alle geimpft, gechippt, entwurmt und haben einen Pass &#8211; sind soweit gesund und ausreisefertig \u2013 sitzen &#8222;auf gepackten Koffern&#8220; und warten, dass ein lieber Mensch sie NACH HAUSE holt. <\/p>\n\n\n\n<p>Wir bitten Euch um Eure Mithilfe, so vielen Hunden wie m\u00f6glich das Leben zu retten und ihnen eine sch\u00f6ne Zukunft in einem tollen Zuhause au\u00dferhalb Rum\u00e4niens zu erm\u00f6glichen. <\/p>\n","protected":false},"excerpt":{"rendered":"<p>Sch\u00f6n, dass Du Dich f\u00fcr uns interessierst. Wir m\u00f6chte uns &#8211; \u201eHundehilfe Rheinland e.V.\u201c Tierschutz f\u00fcr vergessene Pfoten Buz\u0103u &#8211; gerne vorstellen: Buz\u0103u ist eine Stadt in Rum\u00e4nien, ca. 70 km n\u00f6rdlich von Bukarest und dort hat 2013 alles begonnen&#8230; Nach dem Tod eines kleinen Jungen, angeblich auf Grund eines t\u00f6dlichen Bisses durch einen Stra\u00dfenhund, &hellip; <\/p>\n","protected":false},"author":3,"featured_media":0,"parent":0,"menu_order":0,"comment_status":"closed","ping_status":"closed","template":"","meta":{"_uag_custom_page_level_css":"","footnotes":""},"class_list":["post-10","page","type-page","status-publish","hentry"],"featured_image_src":null,"uagb_featured_image_src":{"full":false,"thumbnail":false,"medium":false,"medium_large":false,"large":false,"1536x1536":false,"2048x2048":false,"blossom-fashion-slider":false,"blossom-fashion-featured":false,"blossom-fashion-with-sidebar":false,"blossom-fashion-fullwidth":false,"blossom-fashion-blog-home":false,"blossom-fashion-blog-archive":false,"blossom-fashion-related":false,"blossom-fashion-popular":false,"blossom-fashion-schema":false,"blossom-fashion-shop":false},"uagb_author_info":{"display_name":"Martina","author_link":"https:\/\/hundehilfe-rheinland.de\/?author=3"},"uagb_comment_info":0,"uagb_excerpt":"Sch\u00f6n, dass Du Dich f\u00fcr uns interessierst. Wir m\u00f6chte uns &#8211; \u201eHundehilfe Rheinland e.V.\u201c Tierschutz f\u00fcr vergessene Pfoten Buz\u0103u &#8211; gerne vorstellen: Buz\u0103u ist eine Stadt in Rum\u00e4nien, ca. 70 km n\u00f6rdlich von Bukarest und dort hat 2013 alles begonnen&#8230; Nach dem Tod eines kleinen Jungen, angeblich auf Grund eines t\u00f6dlichen Bisses durch einen Stra\u00dfenhund,&hellip;","_links":{"self":[{"href":"https:\/\/hundehilfe-rheinland.de\/index.php?rest_route=\/wp\/v2\/pages\/10","targetHints":{"allow":["GET"]}}],"collection":[{"href":"https:\/\/hundehilfe-rheinland.de\/index.php?rest_route=\/wp\/v2\/pages"}],"about":[{"href":"https:\/\/hundehilfe-rheinland.de\/index.php?rest_route=\/wp\/v2\/types\/page"}],"author":[{"embeddable":true,"href":"https:\/\/hundehilfe-rheinland.de\/index.php?rest_route=\/wp\/v2\/users\/3"}],"replies":[{"embeddable":true,"href":"https:\/\/hundehilfe-rheinland.de\/index.php?rest_route=%2Fwp%2Fv2%2Fcomments&post=10"}],"version-history":[{"count":9,"href":"https:\/\/hundehilfe-rheinland.de\/index.php?rest_route=\/wp\/v2\/pages\/10\/revisions"}],"predecessor-version":[{"id":509,"href":"https:\/\/hundehilfe-rheinland.de\/index.php?rest_route=\/wp\/v2\/pages\/10\/revisions\/509"}],"wp:attachment":[{"href":"https:\/\/hundehilfe-rheinland.de\/index.php?rest_route=%2Fwp%2Fv2%2Fmedia&parent=10"}],"curies":[{"name":"wp","href":"https:\/\/api.w.org\/{rel}","templated":true}]}}