{"id":11,"date":"2022-03-23T20:26:22","date_gmt":"2022-03-23T20:26:22","guid":{"rendered":"https:\/\/hundehilfe-rheinland.de\/?page_id=11"},"modified":"2022-07-12T19:32:22","modified_gmt":"2022-07-12T18:32:22","slug":"kontakt","status":"publish","type":"page","link":"https:\/\/hundehilfe-rheinland.de\/?page_id=11","title":{"rendered":"Kontakt"},"content":{"rendered":"\n<h2 class=\"wp-block-heading\">Kontakt<\/h2>\n\n\n\n<p class=\"has-medium-font-size\">Nimm gerne per Mail Kontakt mit uns auf. Wir bem\u00fchen uns, Dir m\u00f6glichst schnell eine R\u00fcckmeldung zu geben. Bitte beachte, dass wir aktuell sehr viele Anfragen erhalten.<\/p>\n\n\n\n<p>eMail: <a href=\"mailto:info@hundehilfe-rheinland.de\" data-type=\"mailto\" data-id=\"mailto:info@hundehilfe-rheinland.de\" target=\"_blank\" rel=\"noreferrer noopener\">info@hundehilfe-rheinland.de<\/a><\/p>\n\n\n\n<p>WhatsApp: 0157-34290760<\/p>\n","protected":false},"excerpt":{"rendered":"<p>Kontakt Nimm gerne per Mail Kontakt mit uns auf. Wir bem\u00fchen uns, Dir m\u00f6glichst schnell eine R\u00fcckmeldung zu geben. Bitte beachte, dass wir aktuell sehr viele Anfragen erhalten. eMail: info@hundehilfe-rheinland.de WhatsApp: 0157-34290760<\/p>\n","protected":false},"author":3,"featured_media":308,"parent":0,"menu_order":0,"comment_status":"closed","ping_status":"closed","template":"","meta":{"_uag_custom_page_level_css":"","footnotes":""},"class_list":["post-11","page","type-page","status-publish","has-post-thumbnail","hentry"],"featured_image_src":"https:\/\/hundehilfe-rheinland.de\/wp-content\/uploads\/2022\/04\/pexels-miguel-a-padrinan-1591062-1-scaled.jpg","uagb_featured_image_src":{"full":["https:\/\/hundehilfe-rheinland.de\/wp-content\/uploads\/2022\/04\/pexels-miguel-a-padrinan-1591062-1-scaled.jpg",2560,1702,false],"thumbnail":["https:\/\/hundehilfe-rheinland.de\/wp-content\/uploads\/2022\/04\/pexels-miguel-a-padrinan-1591062-1-150x150.jpg",150,150,true],"medium":["https:\/\/hundehilfe-rheinland.de\/wp-content\/uploads\/2022\/04\/pexels-miguel-a-padrinan-1591062-1-300x199.jpg",300,199,true],"medium_large":["https:\/\/hundehilfe-rheinland.de\/wp-content\/uploads\/2022\/04\/pexels-miguel-a-padrinan-1591062-1-768x511.jpg",768,511,true],"large":["https:\/\/hundehilfe-rheinland.de\/wp-content\/uploads\/2022\/04\/pexels-miguel-a-padrinan-1591062-1-1024x681.jpg",925,615,true],"1536x1536":["https:\/\/hundehilfe-rheinland.de\/wp-content\/uploads\/2022\/04\/pexels-miguel-a-padrinan-1591062-1-1536x1021.jpg",1536,1021,true],"2048x2048":["https:\/\/hundehilfe-rheinland.de\/wp-content\/uploads\/2022\/04\/pexels-miguel-a-padrinan-1591062-1-2048x1362.jpg",2048,1362,true],"blossom-fashion-slider":["https:\/\/hundehilfe-rheinland.de\/wp-content\/uploads\/2022\/04\/pexels-miguel-a-padrinan-1591062-1-1920x760.jpg",1920,760,true],"blossom-fashion-featured":["https:\/\/hundehilfe-rheinland.de\/wp-content\/uploads\/2022\/04\/pexels-miguel-a-padrinan-1591062-1-400x230.jpg",400,230,true],"blossom-fashion-with-sidebar":["https:\/\/hundehilfe-rheinland.de\/wp-content\/uploads\/2022\/04\/pexels-miguel-a-padrinan-1591062-1-925x540.jpg",925,540,true],"blossom-fashion-fullwidth":["https:\/\/hundehilfe-rheinland.de\/wp-content\/uploads\/2022\/04\/pexels-miguel-a-padrinan-1591062-1-1320x540.jpg",1320,540,true],"blossom-fashion-blog-home":["https:\/\/hundehilfe-rheinland.de\/wp-content\/uploads\/2022\/04\/pexels-miguel-a-padrinan-1591062-1-435x332.jpg",435,332,true],"blossom-fashion-blog-archive":["https:\/\/hundehilfe-rheinland.de\/wp-content\/uploads\/2022\/04\/pexels-miguel-a-padrinan-1591062-1-260x200.jpg",260,200,true],"blossom-fashion-related":["https:\/\/hundehilfe-rheinland.de\/wp-content\/uploads\/2022\/04\/pexels-miguel-a-padrinan-1591062-1-300x232.jpg",300,232,true],"blossom-fashion-popular":["https:\/\/hundehilfe-rheinland.de\/wp-content\/uploads\/2022\/04\/pexels-miguel-a-padrinan-1591062-1-280x215.jpg",280,215,true],"blossom-fashion-schema":["https:\/\/hundehilfe-rheinland.de\/wp-content\/uploads\/2022\/04\/pexels-miguel-a-padrinan-1591062-1-90x60.jpg",90,60,true],"blossom-fashion-shop":["https:\/\/hundehilfe-rheinland.de\/wp-content\/uploads\/2022\/04\/pexels-miguel-a-padrinan-1591062-1-293x400.jpg",293,400,true]},"uagb_author_info":{"display_name":"Martina","author_link":"https:\/\/hundehilfe-rheinland.de\/?author=3"},"uagb_comment_info":0,"uagb_excerpt":"Kontakt Nimm gerne per Mail Kontakt mit uns auf. Wir bem\u00fchen uns, Dir m\u00f6glichst schnell eine R\u00fcckmeldung zu geben. Bitte beachte, dass wir aktuell sehr viele Anfragen erhalten. eMail: info@hundehilfe-rheinland.de WhatsApp: 0157-34290760","_links":{"self":[{"href":"https:\/\/hundehilfe-rheinland.de\/index.php?rest_route=\/wp\/v2\/pages\/11","targetHints":{"allow":["GET"]}}],"collection":[{"href":"https:\/\/hundehilfe-rheinland.de\/index.php?rest_route=\/wp\/v2\/pages"}],"about":[{"href":"https:\/\/hundehilfe-rheinland.de\/index.php?rest_route=\/wp\/v2\/types\/page"}],"author":[{"embeddable":true,"href":"https:\/\/hundehilfe-rheinland.de\/index.php?rest_route=\/wp\/v2\/users\/3"}],"replies":[{"embeddable":true,"href":"https:\/\/hundehilfe-rheinland.de\/index.php?rest_route=%2Fwp%2Fv2%2Fcomments&post=11"}],"version-history":[{"count":14,"href":"https:\/\/hundehilfe-rheinland.de\/index.php?rest_route=\/wp\/v2\/pages\/11\/revisions"}],"predecessor-version":[{"id":510,"href":"https:\/\/hundehilfe-rheinland.de\/index.php?rest_route=\/wp\/v2\/pages\/11\/revisions\/510"}],"wp:featuredmedia":[{"embeddable":true,"href":"https:\/\/hundehilfe-rheinland.de\/index.php?rest_route=\/wp\/v2\/media\/308"}],"wp:attachment":[{"href":"https:\/\/hundehilfe-rheinland.de\/index.php?rest_route=%2Fwp%2Fv2%2Fmedia&parent=11"}],"curies":[{"name":"wp","href":"https:\/\/api.w.org\/{rel}","templated":true}]}}