{"id":553,"date":"2022-07-12T21:52:51","date_gmt":"2022-07-12T20:52:51","guid":{"rendered":"https:\/\/hundehilfe-rheinland.de\/?page_id=553"},"modified":"2022-08-24T21:47:51","modified_gmt":"2022-08-24T20:47:51","slug":"aktuelles","status":"publish","type":"page","link":"https:\/\/hundehilfe-rheinland.de\/?page_id=553","title":{"rendered":"Aktuelles"},"content":{"rendered":"\n<hr class=\"wp-block-separator has-alpha-channel-opacity is-style-wide\"\/>\n\n\n\n<div class=\"wp-block-media-text alignwide is-stacked-on-mobile is-style-default has-white-background-color has-background\" style=\"grid-template-columns:33% auto\"><figure class=\"wp-block-media-text__media\"><img loading=\"lazy\" decoding=\"async\" width=\"948\" height=\"1024\" src=\"https:\/\/hundehilfe-rheinland.de\/wp-content\/uploads\/2022\/07\/2022-07-12-Zecken-948x1024.jpg\" alt=\"\" class=\"wp-image-555 size-large\" srcset=\"https:\/\/hundehilfe-rheinland.de\/wp-content\/uploads\/2022\/07\/2022-07-12-Zecken-948x1024.jpg 948w, https:\/\/hundehilfe-rheinland.de\/wp-content\/uploads\/2022\/07\/2022-07-12-Zecken-278x300.jpg 278w, https:\/\/hundehilfe-rheinland.de\/wp-content\/uploads\/2022\/07\/2022-07-12-Zecken-768x830.jpg 768w, https:\/\/hundehilfe-rheinland.de\/wp-content\/uploads\/2022\/07\/2022-07-12-Zecken-1422x1536.jpg 1422w, https:\/\/hundehilfe-rheinland.de\/wp-content\/uploads\/2022\/07\/2022-07-12-Zecken-56x60.jpg 56w, https:\/\/hundehilfe-rheinland.de\/wp-content\/uploads\/2022\/07\/2022-07-12-Zecken.jpg 1481w\" sizes=\"auto, (max-width: 948px) 100vw, 948px\" \/><\/figure><div class=\"wp-block-media-text__content\">\n<h2 class=\"wp-block-heading\">12. Juli 2022<\/h2>\n\n\n\n<p style=\"font-size:15px\"><img loading=\"lazy\" decoding=\"async\" height=\"16\" width=\"16\" alt=\"\ud83d\udea8\" src=\"https:\/\/static.xx.fbcdn.net\/images\/emoji.php\/v9\/t45\/1\/16\/1f6a8.png\"><img loading=\"lazy\" decoding=\"async\" height=\"16\" width=\"16\" alt=\"\u274c\" src=\"https:\/\/static.xx.fbcdn.net\/images\/emoji.php\/v9\/tdd\/1\/16\/274c.png\">-ZECKENALARM<img loading=\"lazy\" decoding=\"async\" height=\"16\" width=\"16\" alt=\"\u274c\" src=\"https:\/\/static.xx.fbcdn.net\/images\/emoji.php\/v9\/tdd\/1\/16\/274c.png\"><img loading=\"lazy\" decoding=\"async\" height=\"16\" width=\"16\" alt=\"\ud83d\udea8\" src=\"https:\/\/static.xx.fbcdn.net\/images\/emoji.php\/v9\/t45\/1\/16\/1f6a8.png\"><\/p>\n\n\n\n<p style=\"font-size:15px\">*BORIS* ist an Babesiose gestorben!! Wer kann <a href=\"https:\/\/hundehilfe-rheinland.de\/?page_id=42\" data-type=\"page\" data-id=\"42\">helfen<\/a>?<\/p>\n\n\n\n<p style=\"font-size:15px\"><img loading=\"lazy\" decoding=\"async\" height=\"16\" width=\"16\" src=\"https:\/\/static.xx.fbcdn.net\/images\/emoji.php\/v9\/tde\/1\/16\/1f43e.png\" alt=\"\ud83d\udc3e\"> 700 Hunde m\u00fcssen gesch\u00fctzt werden, damit nicht noch viele krank werden oder gar sterben m\u00fcssen <img loading=\"lazy\" decoding=\"async\" height=\"16\" width=\"16\" src=\"https:\/\/static.xx.fbcdn.net\/images\/emoji.php\/v9\/te\/1\/16\/1f622.png\" alt=\"\ud83d\ude22\"> 1 Dosis f\u00fcr einen 15 kg Hund kostet 5,55\u20ac <img loading=\"lazy\" decoding=\"async\" height=\"16\" width=\"16\" src=\"https:\/\/static.xx.fbcdn.net\/images\/emoji.php\/v9\/t80\/1\/16\/1f64f.png\" alt=\"\ud83d\ude4f\"> Wir m\u00fcssen dringend nachbestellen und das Geld wird an anderer Stelle fehlen z. B. Kosten f\u00fcr die Unterbringung der Hunde, Tierarztrechnungen, Medikamente \u2026.<\/p>\n\n\n\n<p style=\"font-size:15px\">Wer kann mit einer kleinen Spende <a href=\"https:\/\/hundehilfe-rheinland.de\/?page_id=42\" data-type=\"page\" data-id=\"42\">helfen<\/a>? <img loading=\"lazy\" decoding=\"async\" height=\"16\" width=\"16\" src=\"https:\/\/static.xx.fbcdn.net\/images\/emoji.php\/v9\/t6c\/1\/16\/2764.png\" alt=\"\u2764\"><img loading=\"lazy\" decoding=\"async\" height=\"16\" width=\"16\" src=\"https:\/\/static.xx.fbcdn.net\/images\/emoji.php\/v9\/t80\/1\/16\/1f64f.png\" alt=\"\ud83d\ude4f\"> Hier findet Ihr unsere Bankdaten und den PayPal Link: <a href=\"https:\/\/hundehilfe-rheinland.de\/?page_id=42\" data-type=\"page\" data-id=\"42\">HELFEN<\/a><\/p>\n\n\n\n<p style=\"font-size:15px\">Vielen Dank <img loading=\"lazy\" decoding=\"async\" height=\"16\" width=\"16\" src=\"https:\/\/static.xx.fbcdn.net\/images\/emoji.php\/v9\/t6c\/1\/16\/2764.png\" alt=\"\u2764\ufe0f\"><img loading=\"lazy\" decoding=\"async\" height=\"16\" width=\"16\" src=\"https:\/\/static.xx.fbcdn.net\/images\/emoji.php\/v9\/t87\/1\/16\/1f340.png\" alt=\"\ud83c\udf40\"><\/p>\n<\/div><\/div>\n\n\n\n<hr class=\"wp-block-separator has-alpha-channel-opacity is-style-wide\"\/>\n\n\n\n<div class=\"wp-block-media-text alignwide is-stacked-on-mobile is-style-default has-white-background-color has-background\" style=\"grid-template-columns:47% auto\"><figure class=\"wp-block-media-text__media\"><img loading=\"lazy\" decoding=\"async\" width=\"656\" height=\"457\" src=\"https:\/\/hundehilfe-rheinland.de\/wp-content\/uploads\/2022\/07\/2022-07-10-Giurgiu.jpg\" alt=\"\" class=\"wp-image-554 size-full\" srcset=\"https:\/\/hundehilfe-rheinland.de\/wp-content\/uploads\/2022\/07\/2022-07-10-Giurgiu.jpg 656w, https:\/\/hundehilfe-rheinland.de\/wp-content\/uploads\/2022\/07\/2022-07-10-Giurgiu-300x209.jpg 300w, https:\/\/hundehilfe-rheinland.de\/wp-content\/uploads\/2022\/07\/2022-07-10-Giurgiu-86x60.jpg 86w\" sizes=\"auto, (max-width: 656px) 100vw, 656px\" \/><\/figure><div class=\"wp-block-media-text__content\">\n<h2 class=\"wp-block-heading\">7. Juli 2022<\/h2>\n\n\n\n<p style=\"font-size:15px\">Hurraaa, die ersten 4 Sch\u00e4tze<img loading=\"lazy\" decoding=\"async\" height=\"16\" width=\"16\" src=\"https:\/\/static.xx.fbcdn.net\/images\/emoji.php\/v9\/tde\/1\/16\/1f43e.png\" alt=\"\ud83d\udc3e\"> d\u00fcrfen Morgen von der H\u00f6lle Giurgiu zu tollen Pflegestellen reisen<img loading=\"lazy\" decoding=\"async\" height=\"16\" width=\"16\" src=\"https:\/\/static.xx.fbcdn.net\/images\/emoji.php\/v9\/teb\/1\/16\/2763.png\" alt=\"\u2763\ufe0f\"><\/p>\n\n\n\n<p style=\"font-size:15px\">Vielleicht kann jemand bei den Ausreisekosten <img loading=\"lazy\" decoding=\"async\" height=\"16\" width=\"16\" src=\"https:\/\/static.xx.fbcdn.net\/images\/emoji.php\/v9\/t9e\/1\/16\/27a1.png\" alt=\"\u27a1\ufe0f\">Transport, Impfungen, Pass, Chip, Parasitenbehandlung, Kastration, Tests, Check&#8230;<img loading=\"lazy\" decoding=\"async\" height=\"16\" width=\"16\" src=\"https:\/\/static.xx.fbcdn.net\/images\/emoji.php\/v9\/t1e\/1\/16\/2b05.png\" alt=\"\u2b05\ufe0f\"> <a href=\"https:\/\/hundehilfe-rheinland.de\/?page_id=42\" data-type=\"page\" data-id=\"42\">helfen<\/a><img loading=\"lazy\" decoding=\"async\" height=\"16\" width=\"16\" src=\"https:\/\/static.xx.fbcdn.net\/images\/emoji.php\/v9\/t4c\/1\/16\/2753.png\" alt=\"\u2753\"><\/p>\n\n\n\n<p style=\"font-size:15px\">Es f\u00e4llt uns sehr schwer alles zu bezahlen &#8211; an allen Ecken und Enden fehlt Geld<img loading=\"lazy\" decoding=\"async\" height=\"16\" width=\"16\" src=\"https:\/\/static.xx.fbcdn.net\/images\/emoji.php\/v9\/t60\/1\/16\/1f4b6.png\" alt=\"\ud83d\udcb6\">  Hier findet Ihr unsere Bankdaten und den PayPal Link: <a href=\"https:\/\/hundehilfe-rheinland.de\/?page_id=42\" data-type=\"page\" data-id=\"42\">HELFEN<\/a><\/p>\n\n\n\n<p style=\"font-size:15px\">Vielen Dank <img loading=\"lazy\" decoding=\"async\" height=\"16\" width=\"16\" alt=\"\u2764\ufe0f\" src=\"https:\/\/static.xx.fbcdn.net\/images\/emoji.php\/v9\/t6c\/1\/16\/2764.png\"><img loading=\"lazy\" decoding=\"async\" height=\"16\" width=\"16\" alt=\"\ud83c\udf40\" src=\"https:\/\/static.xx.fbcdn.net\/images\/emoji.php\/v9\/t87\/1\/16\/1f340.png\"><\/p>\n\n\n\n<p style=\"font-size:15px\">N\u00e4chste Woche reisen die n\u00e4chsten Sch\u00e4tze <img loading=\"lazy\" decoding=\"async\" height=\"16\" width=\"16\" alt=\"\u2764\ufe0f\" src=\"https:\/\/static.xx.fbcdn.net\/images\/emoji.php\/v9\/t6c\/1\/16\/2764.png\"><img loading=\"lazy\" decoding=\"async\" height=\"16\" width=\"16\" alt=\"\ud83d\udc3e\" src=\"https:\/\/static.xx.fbcdn.net\/images\/emoji.php\/v9\/tde\/1\/16\/1f43e.png\"><img loading=\"lazy\" decoding=\"async\" height=\"16\" width=\"16\" alt=\"\ud83d\ude90\" src=\"https:\/\/static.xx.fbcdn.net\/images\/emoji.php\/v9\/t65\/1\/16\/1f690.png\"><\/p>\n<\/div><\/div>\n","protected":false},"excerpt":{"rendered":"<p>12. Juli 2022 -ZECKENALARM *BORIS* ist an Babesiose gestorben!! Wer kann helfen? 700 Hunde m\u00fcssen gesch\u00fctzt werden, damit nicht noch viele krank werden oder gar sterben m\u00fcssen 1 Dosis f\u00fcr einen 15 kg Hund kostet 5,55\u20ac Wir m\u00fcssen dringend nachbestellen und das Geld wird an anderer Stelle fehlen z. B. Kosten f\u00fcr die Unterbringung der &hellip; <\/p>\n","protected":false},"author":3,"featured_media":0,"parent":0,"menu_order":0,"comment_status":"closed","ping_status":"closed","template":"","meta":{"_uag_custom_page_level_css":"","footnotes":""},"class_list":["post-553","page","type-page","status-publish","hentry"],"featured_image_src":null,"uagb_featured_image_src":{"full":false,"thumbnail":false,"medium":false,"medium_large":false,"large":false,"1536x1536":false,"2048x2048":false,"blossom-fashion-slider":false,"blossom-fashion-featured":false,"blossom-fashion-with-sidebar":false,"blossom-fashion-fullwidth":false,"blossom-fashion-blog-home":false,"blossom-fashion-blog-archive":false,"blossom-fashion-related":false,"blossom-fashion-popular":false,"blossom-fashion-schema":false,"blossom-fashion-shop":false},"uagb_author_info":{"display_name":"Martina","author_link":"https:\/\/hundehilfe-rheinland.de\/?author=3"},"uagb_comment_info":0,"uagb_excerpt":"12. Juli 2022 -ZECKENALARM *BORIS* ist an Babesiose gestorben!! Wer kann helfen? 700 Hunde m\u00fcssen gesch\u00fctzt werden, damit nicht noch viele krank werden oder gar sterben m\u00fcssen 1 Dosis f\u00fcr einen 15 kg Hund kostet 5,55\u20ac Wir m\u00fcssen dringend nachbestellen und das Geld wird an anderer Stelle fehlen z. B. Kosten f\u00fcr die Unterbringung der&hellip;","_links":{"self":[{"href":"https:\/\/hundehilfe-rheinland.de\/index.php?rest_route=\/wp\/v2\/pages\/553","targetHints":{"allow":["GET"]}}],"collection":[{"href":"https:\/\/hundehilfe-rheinland.de\/index.php?rest_route=\/wp\/v2\/pages"}],"about":[{"href":"https:\/\/hundehilfe-rheinland.de\/index.php?rest_route=\/wp\/v2\/types\/page"}],"author":[{"embeddable":true,"href":"https:\/\/hundehilfe-rheinland.de\/index.php?rest_route=\/wp\/v2\/users\/3"}],"replies":[{"embeddable":true,"href":"https:\/\/hundehilfe-rheinland.de\/index.php?rest_route=%2Fwp%2Fv2%2Fcomments&post=553"}],"version-history":[{"count":21,"href":"https:\/\/hundehilfe-rheinland.de\/index.php?rest_route=\/wp\/v2\/pages\/553\/revisions"}],"predecessor-version":[{"id":595,"href":"https:\/\/hundehilfe-rheinland.de\/index.php?rest_route=\/wp\/v2\/pages\/553\/revisions\/595"}],"wp:attachment":[{"href":"https:\/\/hundehilfe-rheinland.de\/index.php?rest_route=%2Fwp%2Fv2%2Fmedia&parent=553"}],"curies":[{"name":"wp","href":"https:\/\/api.w.org\/{rel}","templated":true}]}}